ctor of s and 12673.
23
Let y be (18/(-21))/((-59)/40061). What is the highest common divisor of y and 1067?
97
Let o be ((336/(-9))/7)/(385/66 - 6). Suppose 4*n + q = -4*q + 300, -n - 4*q = -64. What is the greatest common factor of n and o?
16
Let o be ((-468)/210)/3*-4555 - (-4)/14. What is the greatest common divisor of 1800 and o?
72
Let s be (-2 - 3/(-2))*-10. Let q(y) = -3*y**2 - 13*y - 131. Let h be q(-14). Let m = h + 542. Calculate the highest common divisor of s and m.
5
Let t be ((-4)/9)/(-2) - 698/(-18). Suppose 14 = 41*c - t*c. Suppose -2*f - 5*j - 3 + 10 = 0, -2*j - 1 = -3*f. Calculate the greatest common divisor of f and c.
1
Suppose 0 = 3*h - i - 5, 0 = 3*h + 12*i - 16*i - 20. Suppose 249 = 3*u + 3*n - h*n, -3*n = -u + 63. What is the highest common factor of u and 26?
26
Suppose -18*y = -22*y + 2400. Suppose 0 = -102*u + 108*u - y. Calculate the greatest common factor of u and 75.
25
Suppose 2*b - 32 = 3*o, 5*o + 2 = 2*b - 22. Let w(f) = -2*f + 51. Let m be w(9). Calculate the greatest common factor of m and b.
11
Let h = 14068 - 13749. Calculate the highest common divisor of 1247 and h.
29
Let a = 127 - 124. Let z be ((-4)/a)/((-156)/351). What is the highest common divisor of z and 24?
3
Suppose -5*d = -154 - 1126. What is the highest common divisor of d and 296?
8
Let k(y) be the second derivative of y**4/12 - y**3/3 + 4*y. Let h be k(-4). Let f = 38 - h. Calculate the highest common factor of f and 21.
7
Let j be (-13)/(-4)*-1 - (-12)/48. Let m be 6/((-2)/(-1))*(j + -3). Let h be (2 - 40/18) + (-3082)/m. Calculate the highest common divisor of h and 19.
19
Suppose 4466*h - 83055 = 4451*h. What is the highest common divisor of h and 113?
113
Let j be 1893215/781 + ((-1)/11 - 0). Let g be (-1 - (-34)/10)*20. Let c be j/g - (-2)/(5 + -1). What is the highest common factor of 3 and c?
3
Let g = 8406 - 6844. What is the highest common factor of 1207 and g?
71
Let g = -5 - -57. Suppose 0 = -f - 4*h + 380, 4*h + 77 = 3*f - 999. Calculate the highest common divisor of g and f.
52
Let s(f) = 4*f**2 - 53*f + 52. Let w be s(1). Let l = -122 - -71. Let r = w - l. What is the greatest common divisor of 90 and r?
18
Let k(q) = -4*q**3 - 24*q**2 - 27*q + 189. Let w be k(-9). Calculate the greatest common divisor of 364 and w.
52
Suppose -42*z + 67 = -59. Suppose -2601 = -4*q - 3*o, 19*o = z*q + 17*o - 1938. What is the greatest common factor of q and 144?
72
Let o(c) = -70*c - 1258. Let w be o(-18). Calculate the highest common factor of w and 173.
1
Let n be (-44)/(-154) - (-1)/(14/1564). Suppose 0 = -3*l + 4*y + n, 3*y - 173 + 7 = -4*l. What is the greatest common factor of l and 80?
40
Let w be (-1 - 32/6) + 20/(-12). Let p be 16/(w*3/(-720)). What is the highest common factor of 192 and p?
96
Suppose 0 = -j - 145*j - 122*j + 8483540. Calculate the highest common factor of j and 65.
65
Let i = 56 - -42. Suppose 3*n - 4*l = 60, -5*l + 20 - 5 = 0. Let u be 36/n - (150/4)/(-3). Calculate the highest common divisor of u and i.
14
Suppose 5*n + 45 = 0, -90 = -4*i - 10*n + 8*n. Calculate the greatest common divisor of 6066 and i.
9
Let u = 182 - 382. Let v = u - -242. What is the highest common factor of 84 and v?
42
Suppose 132*m = 126*m + 6. Suppose 3*u - 3*o - 24 = 0, -u + 3*o + 8 = -o. Calculate the greatest common divisor of u and m.
1
Let w = 114 + -69. Let i = 104258 - 103628. What is the greatest common factor of w and i?
45
Let j(s) = -101*s + 4962. Let p be j(49). Calculate the highest common divisor of p and 4615.
13
Let q be (-2)/(-3)*(-162)/(-12). Suppose -q*c = -11*c + 8. Suppose 0 = 2*u - 2*k - 66, -9*u - c*k = -14*u + 164. What is the highest common factor of 96 and u?
32
Let v = -135 - -194. Let a = -54 + v. Suppose -4*g - 3 = -3*k + 77, 105 = 4*k - a*g. What is the greatest common factor of 30 and k?
10
Let w be -4 + -1 + -165 - 5. Let b = -138 - w. Let c(s) = -15*s**3 - 4*s**2 + s + 4. Let k be c(-3). Calculate the greatest common divisor of k and b.
37
Suppose 6*m = 11 + 1. Suppose -14*i = -18*i - 48. Let c be (-2 - 3)*(i/15 + -2). Calculate the greatest common factor of m and c.
2
Let i(b) = -97*b**2 - b**3 + 85*b**2 - 9 - 14*b - 16. Let l be i(-11). Calculate the greatest common factor of l and 6.
2
Let r = -67 - -79. Let u be (-9)/(-12) + 3/(r/17). Suppose -u*f = -7*f + 4. Calculate the greatest common divisor of f and 18.
2
Suppose -23*r - 1911 = -16*r. Let x = -144 - r. What is the highest common divisor of 215 and x?
43
Suppose 395 = 7*g + 73. Let s = g - 63. Let a = -12 - s. What is the highest common factor of a and 15?
5
Suppose -p + 1038 = -5*f, 14*f - 5118 = -5*p + 15*f. What is the highest common factor of 744 and p?
93
Let a = 6681 - 5401. What is the greatest common factor of a and 240?
80
Suppose -5*m = r - 8267, -3*r + 3*m + 8391 + 16374 = 0. Suppose 37*a - 3953 = r. Calculate the greatest common factor of a and 30.
30
Let v be (7844/18 - 0) + -3*6/(-81). What is the greatest common factor of 2398 and v?
218
Let z(f) = -11*f + 33. Let a be z(-9). Suppose 4*p = -18 + 2. Let h be -2 + 12 + (-8)/p. Calculate the greatest common divisor of h and a.
12
Let n(l) = l**3 + 63*l**2 + 442*l + 116. Let q be n(-55). Calculate the greatest common factor of 8994 and q.
6
Suppose -5*w + 3*y + 1255 = 0, 3*w - 753*y = -749*y + 742. What is the greatest common factor of w and 2159?
127
Let a = -5 - -11. Suppose a*w - 22 = 5*w. Let b be 11/(115/(-15) - -8). Calculate the highest common factor of w and b.
11
Let d be -3 + (-20 - 1)*-1. Let j be (d/(-8))/((-1)/4). Suppose 0 = j*y - 284 - 1228. What is the greatest common divisor of 24 and y?
24
Let x(o) = 47*o**2 + 4*o + 5. Let b be x(5). Calculate the greatest common factor of b and 48.
48
Let f(x) = -8*x**2 - 170*x + 246. Let u be f(-21). What is the highest common factor of 522 and u?
18
Suppose -7*a - 82 = -12. Let b(q) = 2*q**3 + 23*q**2 + 25*q + 10. Let c be b(a). Calculate the highest common factor of c and 60.
60
Let l be -45*1488/48*4/(-5). Calculate the highest common divisor of 90 and l.
18
Suppose m - 46 = -3*n, 2*n = -2*m + 6*n + 42. Suppose 13*z - 8*z + d - 155 = 0, 5*z - 155 = 2*d. What is the highest common divisor of m and z?
31
Let v = 869 - 853. Let a be (4590/(-120))/((-6)/v). Calculate the highest common divisor of a and 238.
34
Let c(y) = 3*y + 3*y + 6 - y + 0*y - y**2. Let i be c(0). What is the highest common divisor of i and 138?
6
Suppose -39*k + 93 + 221 = -37. Calculate the highest common factor of k and 276.
3
Let m = -4072 + 4637. What is the highest common factor of 1243 and m?
113
Let s(c) = 254*c**2 - 29*c - 86. Let a be s(-2). Calculate the highest common divisor of 456 and a.
76
Let t(c) = -17*c + 73. Suppose 34*v - 38*v - 52 = 0. Let n be t(v). Calculate the highest common divisor of n and 6.
6
Let a = 105 + -81. Suppose -4*w = -0*w + a. Let y = 46 + w. Calculate the greatest common factor of 16 and y.
8
Let h be 12/(-8)*2 - ((15 - 6) + -688). Calculate the highest common factor of 18 and h.
2
Suppose 4*p + 5 = -p. Let s be 13*(p + -2)/(-3). Let f = -3357 - -3370. Calculate the highest common divisor of s and f.
13
Suppose 0 = -78*q + 8909 + 841. Calculate the highest common divisor of 5 and q.
5
Let x be (-30)/(3 + 12/(-3)). Let i be (1 - 2) + -24 + x. What is the greatest common factor of i and 95?
5
Let b be (5/((-15)/(-9)))/(-23 - (-119272)/5185). Calculate the greatest common divisor of b and 4392.
183
Suppose 240 = -8*s + 280. Calculate the greatest common divisor of s and 25.
5
Let q be 9050/325 - ((-150)/(-39) - 4). What is the highest common factor of q and 10612?
28
Let r(t) = -18*t + 1412. Let y be r(71). What is the highest common factor of y and 871?
67
Let k = -7697 + 7843. Calculate the greatest common factor of k and 6.
2
Let b be 15/2*5092/95. What is the highest common factor of b and 1876?
134
Let t be 791*(64/7 + -9). What is the greatest common divisor of 1695 and t?
113
Suppose 0 = -103*t + 8426 + 32362. What is the greatest common divisor of t and 612?
36
Let c = 839 - 531. Let q = 23 + 21. Calculate the highest common factor of c and q.
44
Suppose -172*i + 177*i = -2*z + 70, 0 = -3*z + 2*i + 29. Let l(f) = 105*f**2. Let q be l(-1). Calculate the highest common divisor of q and z.
15
Let r be ((-2)/2)/(15035/(-7